) be the first derivative of s**5/20 - s**3/3 + s**2 + 6*s - 8. Let n(m) be the first derivative of f(m). What are the prime factors of n(2)?
2, 3
Suppose -202*d + 199*d - 8425 = -u, 42205 = 5*u + d. List the prime factors of u.
2, 5, 211
Let y = -7334 + 22265. What are the prime factors of y?
3, 7, 79
List the prime factors of -27*-381*(-28)/(-42).
2, 3, 127
List the prime factors of (((-830)/8)/5)/((-235)/224660).
83, 239
Let a = -673 + 783. What are the prime factors of 133480/a - 12/(-22)?
2, 607
What are the prime factors of (-9)/8 - (-6687234)/144?
2, 7, 31, 107
Let y = 104 - 101. Suppose y*h - 2*h - 342 = -a, 0 = -h - 3*a + 352. What are the prime factors of h?
337
Let y(x) = 13*x**2 - 28*x - 1. Let l(t) = t**2 + 7*t - 22. Let g be l(-9). What are the prime factors of y(g)?
11, 29
Let y = -360 + 1612. What are the prime factors of y?
2, 313
Suppose 21*s - 3293 - 2902 = 0. Suppose -4*d = 12, 4*v - 3*v = -5*d + s. List the prime factors of v.
2, 5, 31
Suppose -63*j + 3*y = -60*j - 29502, 0 = -4*j - 3*y + 39308. What are the prime factors of j?
2, 5, 983
Suppose -26*u + 4 = -27*u. List the prime factors of 1 + u + -6 + 1300.
1291
Let q(o) = -16*o + 21 + 21 - 53. List the prime factors of q(-6).
5, 17
Suppose -21086 - 5111 = -n + 4*x, -2*n - 3*x + 52471 = 0. What are the prime factors of n?
5, 1049
Suppose 5*r - 37951 = n, 2*n - 36628 = -4*r - 6270. List the prime factors of r.
2, 3, 5, 11, 23
Suppose 21594*z = 21581*z + 170365. List the prime factors of z.
5, 2621
Let i(n) = 4*n + 24. Let q be i(-6). Let l(b) = -b**3 + b**2 + 3*b + 1. Let g be l(q). Suppose -349 = -5*w + g. List the prime factors of w.
2, 5, 7
Let h = 218 - 367. Let t = -18 - h. Suppose 4*j - 25 = 2*u - t, -3*u + 168 = 3*j. What are the prime factors of u?
5, 11
Let n(p) = -16*p**3 - 3*p**2 - p - 6. Let g be n(3). Let a = g - -575. What are the prime factors of a?
107
Suppose -3*b - 34230 = -9*u + 6*u, 5*u - 57034 = 3*b. List the prime factors of u.
2, 5701
Let y be 939/9*(-165)/(-11). Let l = 3543 - y. What are the prime factors of l?
2, 23, 43
Suppose 705*w + 40 = 707*w. Suppose -w*k - 23959 = -33*k. List the prime factors of k.
19, 97
Let p = 3427 - 693. List the prime factors of p.
2, 1367
Suppose 0 = 17*m - 14*m - 114. Let t = m + -38. Suppose t = -4*j + 2*j + 122. List the prime factors of j.
61
Suppose 68 = 2*v - 2*q, -2*q - 22 = -v - 4*q. Let p = v - 27. What are the prime factors of 1 - 31*(-4 + p)?
2
What are the prime factors of 119466/54 - (4 + 29/(-3) + 6)?
2, 7, 79
Suppose 6*p + s = -0*p + 19, 3*s = -p - 11. Suppose 2*l = -x + p*l + 691, 4*x + 3*l - 2753 = 0. What are the prime factors of x?
13, 53
Let k = 134379 - 91126. What are the prime factors of k?
7, 37, 167
Let x = -49393 - -69982. List the prime factors of x.
3, 6863
Let j = -337 - -964. Let s = j - 406. List the prime factors of s.
13, 17
Let n = 508 - 365. Suppose n = -5*s + i + 983, 672 = 4*s - 3*i. List the prime factors of s.
2, 3, 7
Let s be 7/63 + 88/18. Suppose -o = -s*p + 20, 4*o - 7*p + 3*p + 16 = 0. List the prime factors of 1 + -2 + o + 7.
2, 3
Suppose -1200 = -2*a - 6*a. Let l be 4 - (0 + -2)*a. Let i = l + -201. What are the prime factors of i?
103
Let j = 16 + -22. Let q(h) = 25*h**2 - 15*h + 3. Let v(a) = 6*a**2 - 2*a. Let y(f) = q(f) - 4*v(f). What are the prime factors of y(j)?
3
Let o(a) = -a**3 + 27*a**2 + 82*a + 5. Let d be o(29). Let p = d - 412. What are the prime factors of p?
17
Suppose -3*x + 5*x + 4*z - 16 = 0, -5*x + 2*z + 16 = 0. List the prime factors of (-76)/x*(4 + -24 + 7).
13, 19
Suppose 2*u - 1566 = 4*j, 3*u - 5*j + 818 = 4*u. Suppose -t - 24 = -27, 2*b - u = t. What are the prime factors of b?
2, 199
Let b = 62918 - 44482. List the prime factors of b.
2, 11, 419
Suppose -5*i = 2*d + 10, 3*d + 4*i = -i - 10. Suppose -4*u = -d*u. List the prime factors of 2/(-2 - u) + 92.
7, 13
Suppose 5*y - 3*w - 20 = 0, -21 - 3 = y + 5*w. What are the prime factors of -2*6/20*y*-270?
2, 3
Let b(q) = q - 5. Let v be b(2). Let l be ((-100)/(-30))/(1/v). What are the prime factors of (l/2)/(6/(-12))?
2, 5
Suppose 3 = -4*h - 9, 2*c = -4*h - 4. Suppose 5*v - 2*v - 90 = 0. Suppose c*q = -5*x + 77, x + 11 - v = q. What are the prime factors of x?
17
Let w(l) be the third derivative of 7*l**6/120 - l**4/24 - 12*l**2. Let n be w(-2). Let x = n - -143. List the prime factors of x.
89
Let t = -24 + 49. Suppose -t = -0*i - 5*i. Suppose -16 = m - i*m. List the prime factors of m.
2
Let a(p) = 2*p**3 - 4*p**2 - p - 7. Let s(u) = 5*u**2 - u - 1. Let r be s(1). Suppose 0 = -r*y - 1 + 13. What are the prime factors of a(y)?
53
Let o(h) = h**3 + 0*h**2 - 16*h**3 + 6*h + 2*h**2 + 4*h - h - 13. List the prime factors of o(-4).
23, 41
Suppose -2*h = -h - 4*t + 1168, 2*t - 4644 = 4*h. List the prime factors of (18/(-8))/(87/h).
2, 3, 5
Let t = -67 + 116. Let x = -64 + t. What are the prime factors of 190 - 5/x*-15?
5, 37
Let x be (0 + 719)*(-8 - (-10)/1). Let f = x - 826. List the prime factors of f.
2, 3, 17
Suppose 30*u - 28*u = 5246. What are the prime factors of u?
43, 61
Let d = 616 - 1071. Let k = d - -483. List the prime factors of k.
2, 7
Let o = 17028 - -3086. What are the prime factors of o?
2, 89, 113
Suppose -8*o + 31 = 7. Suppose o*g - 40 = -7*g. Suppose 3*n + 65 = c, -g*c + 5*n = 2*n - 224. What are the prime factors of c?
53
Let h = -3109 + 10649. List the prime factors of h.
2, 5, 13, 29
Let w be -134*(-2)/((-3)/9*-6). Suppose 10*c - w = 226. Let a = 133 + c. What are the prime factors of a?
13
Let k(m) = m + 39. Let h be k(-17). Suppose h*y = 20*y. Suppose 2*o = o - 2*t + 170, o - 2*t - 190 = y. List the prime factors of o.
2, 3, 5
Let b(d) = -3*d**3 - 32*d**2 - 75*d + 109. What are the prime factors of b(-21)?
5, 37, 83
Let k = -312 + 312. Suppose -2286 = -5*w - l, 2 + k = 2*l. What are the prime factors of w?
457
Suppose -33 = -5*o - 23. Suppose 2*g = -8, o*g + 647 = j + 3*g. What are the prime factors of j?
3, 7, 31
Suppose -43*k - 672 = -46*k. Suppose -x + 2*x = k. Suppose -3*o - 4*h + x = h, 276 = 4*o + h. What are the prime factors of o?
2, 17
Let m(r) = 3*r**2 - 137*r - 394. List the prime factors of m(-43).
2, 11, 251
Suppose -1570 = 6*w - w. Let v = -310 - w. What are the prime factors of v?
2
Suppose -4*b - 51 + 979 = 0. Let n = b + -147. Let s = 142 - n. What are the prime factors of s?
3, 19
Suppose -2*g - 2*g = -x + 1094, g = x - 1103. Suppose 2*u + 0*m - x = -m, -2192 = -4*u + 3*m. List the prime factors of u.
19, 29
Suppose -17994 = -2*g + 4*b, 3*g - 71*b - 26995 = -67*b. What are the prime factors of g?
9001
Suppose -3*u + 146*l - 148*l = -26036, -u + 3*l + 8697 = 0. List the prime factors of u.
2, 3, 1447
Let d be ((-2)/3)/(2/(-18)). Suppose d*u - u - 148 = g, 3 = -g. List the prime factors of u.
29
Suppose 0 = 333*z - 307*z - 184600. What are the prime factors of z?
2, 5, 71
Let l(a) = a - 20. Let x be l(24). Suppose -x*z - p + 13 = 0, -3*p + 3 = -0*p. Suppose 5*b = 3*b + 4*k + 40, 15 = b + z*k. List the prime factors of b.
2, 3
Let f(l) = -134*l - 1807. What are the prime factors of f(-87)?
9851
Let o(t) = -3127*t - 352. What are the prime factors of o(-3)?
9029
Suppose -2*u - 3*a + 8 = 0, a + 1 + 1 = 0. Suppose -u*j + 20*j - 11609 = 0. List the prime factors of j.
19, 47
Let p = 16359 - 7791. What are the prime factors of p?
2, 3, 7, 17
Let y = -1119 + 1865. Let x = 189 + y. List the prime factors of x.
5, 11, 17
Let z(o) = -67*o**3 + 13*o**2 - 6*o - 14. List the prime factors of z(-7).
2, 3, 7, 563
Suppose -p + 12 = p. Let b = p - 10. What are the prime factors of -5 + 5 + b + 71?
67
Let l = 89030 - 6300. List the prime factors of l.
2, 5, 8273
Let w = -2 + -28. Let p = -1720 + 1767. Let f = w + p. List the prime factors of f.
17
Let k(x) = x - 2. Let j(r) = -2*r - 35. Let w be j(-8). Let t be k(w). What are the prime factors of 66/7 + (-12)/t?
2, 5
Suppose 9 = 6*u - 9. Suppose 3*n + 809 = 5*s + 4*n, -u*n = -12. What are the prime factors of s?
7, 23
Let y(g) = -48*g + 10. Let t be y(6). Let x = t - -1275. List the prime factors of x.
997
Let j = -581 - -583. Suppose -5*t + 4990 = j*u, -9*u = 3*t - 7*u - 2994. List the prime factors of t.
2, 499
Suppose -5*m = 4*q - 0*m + 351, 0 = m - 1. Let t be 5300/16 - 4*1/16. Let b = t + q. What are the prime factors of b?